{"id":379,"date":"2022-11-08T16:03:26","date_gmt":"2022-11-08T16:03:26","guid":{"rendered":"https:\/\/bft24.com\/page\/?page_id=379"},"modified":"2022-11-14T19:40:01","modified_gmt":"2022-11-14T19:40:01","slug":"cyfrowy-notariusz-czyli-publikacja-dokumentow-w-blockchain","status":"publish","type":"page","link":"https:\/\/bft24.com\/page\/?page_id=379","title":{"rendered":"Cyfrowy Notariusz, czyli publikacja dokument\u00f3w w BlockChain"},"content":{"rendered":"\n<p>\u201eCyfrowy Notariusz\u201d to us\u0142uga polegaj\u0105ca na integracji platformy BFT z sieci\u0105 BlockChain.&nbsp;<\/p>\n\n\n\n<p>BlockChain czyli \u0142a\u0144cuch blok\u00f3w, technologia rozproszonego rejestru to rodzaj zdecentralizowanej, wsp\u00f3\u0142dzielonej bazy danych, gdzie funkcja serwera centralnego zostaje rozproszona pomi\u0119dzy wielu u\u017cytkownik\u00f3w.<\/p>\n\n\n\n<p>Cech\u0105 charakterystyczn\u0105 tej technologii jest decentralizacja, tzn. aby system m\u00f3g\u0142 funkcjonowa\u0107, nie jest potrzebny \u017caden g\u0142\u00f3wny element infrastruktury. Wszystkie dane transakcji zapisywane s\u0105 mi\u0119dzy sob\u0105 przez poszczeg\u00f3lnych u\u017cytkownik\u00f3w, bez udzia\u0142u systemu centralnego. Informacje te przechowywane s\u0105 w formie blok\u00f3w. Ka\u017cdy z blok\u00f3w mo\u017ce zawiera\u0107 okre\u015blon\u0105 ilo\u015b\u0107 danych. Gdy blok si\u0119 zape\u0142ni, powstaje kolejny blok. W ten spos\u00f3b powstaje pewien rodzaj \u0142a\u0144cucha, co wyja\u015bnia nazwa tej technologii (BlockChain = \u0142a\u0144cuch blok\u00f3w).&nbsp;&nbsp;&nbsp;&nbsp;&nbsp;&nbsp;&nbsp;&nbsp;&nbsp;&nbsp;&nbsp;&nbsp;&nbsp;&nbsp;&nbsp;&nbsp;&nbsp;&nbsp;&nbsp;&nbsp;&nbsp;&nbsp;&nbsp;&nbsp;&nbsp;&nbsp;&nbsp;&nbsp;&nbsp;&nbsp;&nbsp; <\/p>\n\n\n\n<p>Bloki w \u0142a\u0144cuchu s\u0105 podpisywane z u\u017cyciem protoko\u0142u P2P (peer-to-peer). Jest to model komunikacji w sieci komputerowej, kt\u00f3ry zapewnia te same uprawnienia wszystkim u\u017cytkownikom sieci (hostom). Wprowadzony do BlockChain wpis jest sprawdzany i musi by\u0107 podpisany kryptograficznie. Co najwa\u017cniejsze \u2013 ka\u017cdy blok zawiera zaszyfrowan\u0105 informacj\u0119 z poprzedniego bloku. A wi\u0119c wprowadzenie dodatkowej struktury, niedopasowanej do poprzedniej, skutkowa\u0142oby roz\u0142\u0105czeniem wszystkich kolejnych blok\u00f3w.&nbsp; Z tego w\u0142a\u015bnie wzgl\u0119du technologia BlockChain jest prze\u0142omowa w kwestii bezpiecze\u0144stwa. Blok\u00f3w transakcyjnych nie mo\u017cna usun\u0105\u0107. Ca\u0142a struktura jest szyfrowana, stabilna i historycznie niezmienna.&nbsp;&nbsp;&nbsp;&nbsp;&nbsp;&nbsp;&nbsp;&nbsp;&nbsp;&nbsp;&nbsp;&nbsp;&nbsp;&nbsp;&nbsp;&nbsp;&nbsp;&nbsp;&nbsp;&nbsp;&nbsp;&nbsp;&nbsp;&nbsp;&nbsp;&nbsp;&nbsp;&nbsp;&nbsp;&nbsp;&nbsp;&nbsp;&nbsp;&nbsp;&nbsp;&nbsp;&nbsp;&nbsp;&nbsp;&nbsp;&nbsp;&nbsp;&nbsp;&nbsp;&nbsp;&nbsp;&nbsp;&nbsp;&nbsp;&nbsp;&nbsp;&nbsp;&nbsp;&nbsp;&nbsp;&nbsp;&nbsp;&nbsp;&nbsp;&nbsp;&nbsp;&nbsp;&nbsp;&nbsp;&nbsp;&nbsp;&nbsp;&nbsp;&nbsp;&nbsp;&nbsp;&nbsp;&nbsp;&nbsp;&nbsp;&nbsp;&nbsp;&nbsp;&nbsp;&nbsp;&nbsp;&nbsp;&nbsp;&nbsp;&nbsp;&nbsp;&nbsp;&nbsp;&nbsp;&nbsp;&nbsp;&nbsp;<\/p>\n\n\n\n<p>Technologia BlockChain jest dzi\u015b wykorzystywana g\u0142\u00f3wnie przez <a href=\"https:\/\/homodigital.pl\/kryptowaluty-nie-tylko-bitcoin-co-to-jest-leksykon-homodigital\/\">kryptowaluty<\/a>, ale nie tylko. Mo\u017cna j\u0105 wykorzystywa\u0107 tak\u017ce do tworzenia tzw. smart-kontrakt\u00f3w, czyli zdalnego zawierania um\u00f3w.\u00a0\u00a0\u00a0\u00a0\u00a0\u00a0\u00a0\u00a0\u00a0\u00a0\u00a0\u00a0\u00a0\u00a0\u00a0\u00a0\u00a0\u00a0\u00a0\u00a0\u00a0\u00a0\u00a0\u00a0\u00a0\u00a0\u00a0\u00a0\u00a0\u00a0\u00a0\u00a0\u00a0\u00a0\u00a0\u00a0\u00a0\u00a0\u00a0\u00a0\u00a0\u00a0\u00a0\u00a0\u00a0\u00a0\u00a0\u00a0\u00a0\u00a0\u00a0\u00a0\u00a0\u00a0\u00a0\u00a0\u00a0\u00a0\u00a0\u00a0\u00a0\u00a0\u00a0\u00a0\u00a0\u00a0\u00a0\u00a0\u00a0\u00a0\u00a0\u00a0\u00a0\u00a0\u00a0\u00a0\u00a0\u00a0\u00a0\u00a0\u00a0\u00a0\u00a0\u00a0\u00a0\u00a0\u00a0\u00a0\u00a0 \u00a0\u00a0\u00a0\u00a0\u00a0\u00a0\u00a0\u00a0\u00a0\u00a0\u00a0\u00a0\u00a0\u00a0\u00a0\u00a0\u00a0\u00a0\u00a0\u00a0\u00a0\u00a0\u00a0\u00a0\u00a0\u00a0\u00a0\u00a0\u00a0\u00a0\u00a0\u00a0\u00a0\u00a0\u00a0\u00a0\u00a0\u00a0\u00a0\u00a0\u00a0\u00a0\u00a0\u00a0\u00a0\u00a0\u00a0\u00a0\u00a0\u00a0\u00a0\u00a0\u00a0\u00a0\u00a0\u00a0\u00a0\u00a0\u00a0\u00a0\u00a0\u00a0\u00a0\u00a0<\/p>\n\n\n\n<figure class=\"wp-block-image size-large\"><img decoding=\"async\" loading=\"lazy\" width=\"1024\" height=\"506\" src=\"https:\/\/bft24.com\/page\/wp-content\/uploads\/2022\/11\/image-6-1024x506.png\" alt=\"\" class=\"wp-image-521\" srcset=\"https:\/\/bft24.com\/page\/wp-content\/uploads\/2022\/11\/image-6-1024x506.png 1024w, https:\/\/bft24.com\/page\/wp-content\/uploads\/2022\/11\/image-6-300x148.png 300w, https:\/\/bft24.com\/page\/wp-content\/uploads\/2022\/11\/image-6-768x380.png 768w, https:\/\/bft24.com\/page\/wp-content\/uploads\/2022\/11\/image-6-1536x759.png 1536w, https:\/\/bft24.com\/page\/wp-content\/uploads\/2022\/11\/image-6-2048x1012.png 2048w\" sizes=\"(max-width: 1024px) 100vw, 1024px\" \/><figcaption><sub><em><sup>Przyk\u0142ad akceptacji przy pomocy integracji z Metamask<\/sup><\/em><\/sub><\/figcaption><\/figure>\n\n\n\n<p>Cyfrowy Notariusz to us\u0142uga, kt\u00f3ra polega na umieszczaniu dokument\u00f3w w sieci BlockChain, gdzie podlega\u0107 maj\u0105 tokenizacji i zapisowi cyfrowych metadanych. &nbsp;&nbsp;&nbsp;&nbsp;&nbsp;&nbsp;&nbsp;&nbsp;&nbsp;&nbsp;&nbsp;&nbsp;&nbsp;&nbsp;&nbsp;&nbsp;&nbsp;&nbsp;&nbsp;&nbsp;&nbsp;&nbsp;&nbsp;&nbsp;&nbsp;&nbsp;&nbsp;&nbsp;&nbsp;&nbsp;&nbsp;&nbsp;&nbsp;&nbsp;&nbsp;&nbsp;&nbsp;&nbsp;&nbsp;&nbsp;&nbsp;&nbsp;&nbsp;&nbsp;&nbsp;&nbsp;&nbsp;&nbsp;&nbsp;&nbsp;&nbsp;&nbsp;&nbsp;&nbsp;&nbsp;&nbsp;&nbsp;&nbsp;&nbsp;&nbsp;&nbsp;&nbsp;&nbsp;&nbsp;&nbsp;&nbsp;&nbsp;&nbsp;&nbsp;&nbsp;&nbsp;&nbsp;&nbsp;&nbsp;&nbsp;&nbsp;&nbsp;&nbsp;&nbsp;&nbsp;&nbsp;&nbsp;&nbsp;&nbsp;&nbsp;&nbsp;&nbsp;&nbsp;&nbsp;&nbsp;&nbsp;&nbsp;&nbsp;&nbsp;&nbsp;&nbsp;<\/p>\n\n\n\n<p>Us\u0142uga Cyfrowego Notariusza charakteryzuje si\u0119 tym, \u017ce dokument nie tylko jest autoryzowany i po\u015bwiadczany, ale r\u00f3wnie\u017c zarchiwizowany wraz z metadanymi do automatycznego procesu.\u00a0\u00a0\u00a0\u00a0\u00a0\u00a0\u00a0\u00a0\u00a0\u00a0\u00a0\u00a0\u00a0\u00a0\u00a0\u00a0\u00a0\u00a0\u00a0\u00a0\u00a0\u00a0\u00a0\u00a0\u00a0\u00a0\u00a0\u00a0\u00a0\u00a0\u00a0\u00a0\u00a0\u00a0\u00a0\u00a0\u00a0\u00a0\u00a0\u00a0\u00a0\u00a0\u00a0\u00a0\u00a0\u00a0\u00a0\u00a0\u00a0\u00a0\u00a0\u00a0\u00a0\u00a0\u00a0\u00a0\u00a0\u00a0\u00a0\u00a0\u00a0\u00a0\u00a0\u00a0\u00a0\u00a0\u00a0\u00a0\u00a0\u00a0\u00a0\u00a0\u00a0\u00a0\u00a0\u00a0\u00a0\u00a0\u00a0\u00a0\u00a0\u00a0\u00a0\u00a0\u00a0\u00a0\u00a0\u00a0\u00a0\u00a0\u00a0\u00a0\u00a0\u00a0\u00a0\u00a0\u00a0\u00a0\u00a0\u00a0\u00a0 <\/p>\n\n\n\n<figure class=\"wp-block-image size-large\"><img decoding=\"async\" loading=\"lazy\" width=\"1024\" height=\"531\" src=\"https:\/\/bft24.com\/page\/wp-content\/uploads\/2022\/11\/image-8-1024x531.png\" alt=\"\" class=\"wp-image-524\" srcset=\"https:\/\/bft24.com\/page\/wp-content\/uploads\/2022\/11\/image-8-1024x531.png 1024w, https:\/\/bft24.com\/page\/wp-content\/uploads\/2022\/11\/image-8-300x156.png 300w, https:\/\/bft24.com\/page\/wp-content\/uploads\/2022\/11\/image-8-768x399.png 768w, https:\/\/bft24.com\/page\/wp-content\/uploads\/2022\/11\/image-8-1536x797.png 1536w, https:\/\/bft24.com\/page\/wp-content\/uploads\/2022\/11\/image-8-2048x1063.png 2048w\" sizes=\"(max-width: 1024px) 100vw, 1024px\" \/><figcaption><em><sup>Typy SmartContract\u00f3w obs\u0142ugiwane przez platform\u0119<\/sup><\/em><\/figcaption><\/figure>\n\n\n\n<p>Proces rozpoczyna si\u0119 zaimportowaniem dokumentu do serwisu BFT. Nast\u0119pnie dokument zostaje zaszyfrowany algorytmem haszuj\u0105cym. Nast\u0119pnie wprowadzane s\u0105 informacje o dokumencie (metadane), mo\u017cliwa jest dodatkowa animizacja, umieszczana jest informacja o stronach transakcji oraz okre\u015blana dost\u0119pno\u015b\u0107 tych informacji \u2013 czy maj\u0105 by\u0107 publiczne (dost\u0119pne dla ka\u017cdego) czy prywatne (dost\u0119pne po autoryzacji).&nbsp;&nbsp;&nbsp;&nbsp;&nbsp;&nbsp;&nbsp;&nbsp;&nbsp;&nbsp;&nbsp;&nbsp;&nbsp;&nbsp;&nbsp;&nbsp;&nbsp;&nbsp;&nbsp;&nbsp;&nbsp;&nbsp;&nbsp;&nbsp;&nbsp;&nbsp;&nbsp;&nbsp;&nbsp;&nbsp;&nbsp;&nbsp;&nbsp;&nbsp;&nbsp;&nbsp;&nbsp;&nbsp;&nbsp;&nbsp;&nbsp;&nbsp;&nbsp;&nbsp;&nbsp;&nbsp;&nbsp;&nbsp;&nbsp;&nbsp;&nbsp;&nbsp;&nbsp;&nbsp;&nbsp;&nbsp;&nbsp;&nbsp;&nbsp;&nbsp;&nbsp;&nbsp;&nbsp;&nbsp;&nbsp;&nbsp;&nbsp;&nbsp; <\/p>\n\n\n\n<p>W przypadku informacji publicznych, ka\u017cdy wchodz\u0105cy na stron\u0119 dedykowan\u0105 dokumentowi, mo\u017ce je zobaczy\u0107. W przypadku kiedy dane zosta\u0142y oznaczone jako prywatne &#8211; dost\u0119p do nich ma jedynie w\u0142a\u015bciciel dokumentu, strony posiadaj\u0105ce token NFT oraz osoby posiadaj\u0105ce klucz dost\u0119pu. Autoryzacyjny klucz (token dost\u0119pu) skojarzony z dokumentem jest generowany w systemie przez w\u0142a\u015bciciela dokumentu i posiada okre\u015blony termin wa\u017cno\u015bci, po up\u0142ywie kt\u00f3rego przestaje by\u0107 aktywny. W\u0142a\u015bciciel mo\u017ce przekaza\u0107 go osobie zainteresowanej, by ta po wej\u015bciu na stron\u0119 z danym dokumentem i wprowadzeniu autoryzacyjnego klucza mog\u0142a uzyska\u0107 dost\u0119p do informacji.\u00a0\u00a0\u00a0\u00a0\u00a0\u00a0\u00a0\u00a0\u00a0\u00a0\u00a0\u00a0\u00a0\u00a0\u00a0\u00a0\u00a0\u00a0\u00a0\u00a0\u00a0\u00a0\u00a0\u00a0\u00a0\u00a0\u00a0\u00a0\u00a0\u00a0\u00a0 \u00a0\u00a0\u00a0\u00a0\u00a0\u00a0\u00a0\u00a0\u00a0<\/p>\n\n\n\n<figure class=\"wp-block-image size-large\"><img decoding=\"async\" loading=\"lazy\" width=\"1024\" height=\"520\" src=\"https:\/\/bft24.com\/page\/wp-content\/uploads\/2022\/11\/image-7-1024x520.png\" alt=\"\" class=\"wp-image-523\" srcset=\"https:\/\/bft24.com\/page\/wp-content\/uploads\/2022\/11\/image-7-1024x520.png 1024w, https:\/\/bft24.com\/page\/wp-content\/uploads\/2022\/11\/image-7-300x152.png 300w, https:\/\/bft24.com\/page\/wp-content\/uploads\/2022\/11\/image-7-768x390.png 768w, https:\/\/bft24.com\/page\/wp-content\/uploads\/2022\/11\/image-7-1536x780.png 1536w, https:\/\/bft24.com\/page\/wp-content\/uploads\/2022\/11\/image-7-2048x1040.png 2048w\" sizes=\"(max-width: 1024px) 100vw, 1024px\" \/><figcaption><sub><em><sup>OpenSea podgl\u0105d przyk\u0142adowego tokenu NFT<\/sup><\/em><\/sub><\/figcaption><\/figure>\n\n\n\n<p>\u00a0\u00a0\u00a0\u00a0\u00a0\u00a0\u00a0\u00a0\u00a0\u00a0<\/p>\n\n\n\n<p>W\u0142a\u015bciciel dokumentu, administrator generuje tokeny NFT, publikuje w bazie BlockChain odno\u015bnik do dokumentu.&nbsp; Nast\u0119pnie w\u0142a\u015bciciel dokumentu, administrator przekazuje stworzone tokeny stronom, sygnatariuszom. Transfer tokenu jest potwierdzeniem z\u0142o\u017cenia podpisu na dokumencie przez stron\u0119 i jest udokumentowany w bazie BFT.&nbsp;&nbsp;<\/p>\n\n\n\n<p>Platforma BFT umo\u017cliwia dost\u0119p do informacji zawartych dokumencie. Dost\u0119p jest mo\u017cliwy za pomoc\u0105 linku<\/p>\n\n\n\n<figure class=\"wp-block-image size-large\"><img decoding=\"async\" loading=\"lazy\" width=\"1024\" height=\"156\" src=\"https:\/\/bft24.com\/page\/wp-content\/uploads\/2022\/03\/logu_UE-1024x156.jpg\" alt=\"\" class=\"wp-image-232\" srcset=\"https:\/\/bft24.com\/page\/wp-content\/uploads\/2022\/03\/logu_UE-1024x156.jpg 1024w, https:\/\/bft24.com\/page\/wp-content\/uploads\/2022\/03\/logu_UE-300x46.jpg 300w, https:\/\/bft24.com\/page\/wp-content\/uploads\/2022\/03\/logu_UE-768x117.jpg 768w, https:\/\/bft24.com\/page\/wp-content\/uploads\/2022\/03\/logu_UE.jpg 1281w\" sizes=\"(max-width: 1024px) 100vw, 1024px\" \/><\/figure>\n","protected":false},"excerpt":{"rendered":"<p>\u201eCyfrowy Notariusz\u201d to us\u0142uga polegaj\u0105ca na integracji platformy BFT z sieci\u0105 BlockChain.&nbsp; BlockChain czyli \u0142a\u0144cuch blok\u00f3w, technologia rozproszonego rejestru to rodzaj zdecentralizowanej, wsp\u00f3\u0142dzielonej bazy danych, gdzie funkcja serwera centralnego zostaje rozproszona pomi\u0119dzy wielu u\u017cytkownik\u00f3w. Cech\u0105 charakterystyczn\u0105 tej technologii jest decentralizacja, tzn. aby system m\u00f3g\u0142 funkcjonowa\u0107, nie jest potrzebny \u017caden g\u0142\u00f3wny element infrastruktury. Wszystkie dane transakcji<a href=\"https:\/\/bft24.com\/page\/?page_id=379\">[&#8230;]<\/a><\/p>\n","protected":false},"author":1,"featured_media":0,"parent":468,"menu_order":0,"comment_status":"closed","ping_status":"closed","template":"","meta":[],"_links":{"self":[{"href":"https:\/\/bft24.com\/page\/index.php?rest_route=\/wp\/v2\/pages\/379"}],"collection":[{"href":"https:\/\/bft24.com\/page\/index.php?rest_route=\/wp\/v2\/pages"}],"about":[{"href":"https:\/\/bft24.com\/page\/index.php?rest_route=\/wp\/v2\/types\/page"}],"author":[{"embeddable":true,"href":"https:\/\/bft24.com\/page\/index.php?rest_route=\/wp\/v2\/users\/1"}],"replies":[{"embeddable":true,"href":"https:\/\/bft24.com\/page\/index.php?rest_route=%2Fwp%2Fv2%2Fcomments&post=379"}],"version-history":[{"count":10,"href":"https:\/\/bft24.com\/page\/index.php?rest_route=\/wp\/v2\/pages\/379\/revisions"}],"predecessor-version":[{"id":529,"href":"https:\/\/bft24.com\/page\/index.php?rest_route=\/wp\/v2\/pages\/379\/revisions\/529"}],"up":[{"embeddable":true,"href":"https:\/\/bft24.com\/page\/index.php?rest_route=\/wp\/v2\/pages\/468"}],"wp:attachment":[{"href":"https:\/\/bft24.com\/page\/index.php?rest_route=%2Fwp%2Fv2%2Fmedia&parent=379"}],"curies":[{"name":"wp","href":"https:\/\/api.w.org\/{rel}","templated":true}]}}